2161?
6
What is the units digit of 1597918?
8
What is the hundred thousands digit of 1556233?
5
What is the hundreds digit of 2352337?
3
What is the ten thousands digit of 176307?
7
What is the hundred thousands digit of 6416308?
4
What is the tens digit of 305692?
9
What is the thousands digit of 19679006?
9
What is the ten thousands digit of 16767586?
6
What is the units digit of 3673326?
6
What is the ten thousands digit of 14070482?
7
What is the millions digit of 4265906?
4
What is the hundreds digit of 7047906?
9
What is the hundreds digit of 294956?
9
What is the hundreds digit of 39463?
4
What is the ten thousands digit of 26010454?
1
What is the tens digit of 1815310?
1
What is the thousands digit of 1693217?
3
What is the hundreds digit of 24007433?
4
What is the tens digit of 200913?
1
What is the hundred thousands digit of 1962460?
9
What is the tens digit of 833686?
8
What is the hundreds digit of 1671933?
9
What is the thousands digit of 1188840?
8
What is the millions digit of 1938879?
1
What is the tens digit of 1690075?
7
What is the units digit of 166642?
2
What is the thousands digit of 3964066?
4
What is the tens digit of 432379?
7
What is the ten thousands digit of 1169949?
6
What is the hundred thousands digit of 2253492?
2
What is the hundred thousands digit of 1387933?
3
What is the units digit of 451038?
8
What is the hundreds digit of 1086995?
9
What is the hundreds digit of 2344107?
1
What is the hundreds digit of 438942?
9
What is the millions digit of 19209219?
9
What is the ten thousands digit of 59787?
5
What is the ten thousands digit of 1592274?
9
What is the units digit of 2407840?
0
What is the hundreds digit of 156580?
5
What is the millions digit of 1276460?
1
What is the hundred thousands digit of 8494249?
4
What is the tens digit of 2267421?
2
What is the ten thousands digit of 492356?
9
What is the thousands digit of 1302810?
2
What is the tens digit of 1001670?
7
What is the tens digit of 46105?
0
What is the thousands digit of 1018559?
8
What is the thousands digit of 12699909?
9
What is the hundreds digit of 566787?
7
What is the tens digit of 1016081?
8
What is the hundreds digit of 688351?
3
What is the hundred thousands digit of 4138618?
1
What is the millions digit of 1008251?
1
What is the ten millions digit of 19580953?
1
What is the ten millions digit of 10457668?
1
What is the ten thousands digit of 491437?
9
What is the tens digit of 269052?
5
What is the hundred thousands digit of 125266?
1
What is the hundred thousands digit of 120850?
1
What is the tens digit of 349043?
4
What is the hundred thousands digit of 7957933?
9
What is the thousands digit of 8348772?
8
What is the tens digit of 167489?
8
What is the units digit of 75618?
8
What is the units digit of 341158?
8
What is the hundreds digit of 1754244?
2
What is the tens digit of 1370361?
6
What is the hundred thousands digit of 1830048?
8
What is the thousands digit of 71422?
1
What is the hundreds digit of 70903?
9
What is the ten thousands digit of 1028936?
2
What is the tens digit of 734843?
4
What is the units digit of 2160350?
0
What is the thousands digit of 11321?
1
What is the hundreds digit of 205392?
3
What is the tens digit of 193648?
4
What is the units digit of 1821949?
9
What is the units digit of 22744531?
1
What is the tens digit of 2064751?
5
What is the hundred thousands digit of 252884?
2
What is the ten thousands digit of 434600?
3
What is the ten thousands digit of 225063?
2
What is the hundred thousands digit of 1411900?
4
What is the tens digit of 5871567?
6
What is the tens digit of 241051?
5
What is the tens digit of 328200?
0
What is the tens digit of 7536?
3
What is the millions digit of 3705063?
3
What is the thousands digit of 511818?
1
What is the hundreds digit of 481766?
7
What is the units digit of 985013?
3
What is the millions digit of 1447502?
1
What is the hundreds digit of 11495428?
4
What is the hundreds digit of 583317?
3
What is the hundred thousands digit of 3800043?
8
What is the ten thousands digit of 5836658?
3
What is the tens digit of 974167?
6
What is the ten thousands digit of 234859?
3
What is the units digit of 3350120?
0
What is the tens digit of 166844?
4
What is the thousands digit of 1015578?
5
What is the ten thousands digit of 271195?
7
What is the thousands digit of 1675579?
5
What is the hundreds digit of 27563?
5
What is the hundred thousands digit of 4908982?
9
What is the ten thousands digit of 504827?
0
What is the units digit of 87317?
7
What is the ten thousands digit of 3897009?
9
What is the ten thousands digit of 1514950?
1
What is the ten millions digit of 23364887?
2
What is the hundreds digit of 474018?
0
What is the hundreds digit of 1744969?
9
What is the ten millions digit of 24753865?
2
What is the hundred thousands digit of 2477197?
4
What is the hundreds digit of 4009983?
9
What is the thousands digit of 413852?
3
What is the hundreds digit of 10174?
1
What is the hundred thousands digit of 170691?
1
What is the ten thousands digit of 1721345?
2
What is the hundreds digit of 627426?
4
What is the hundreds digit of 124587?
5
What is the hundreds digit of 31261?
2
What is the hundreds digit of 3549431?
4
What is the ten thousands digit of 782057?
8
What is the tens digit of 1057690?
9
What is the hundreds digit of 228101?
1
What is the units digit of 425576?
6
What is the tens digit of 317920?
2
What is the hundred thousands digit of 636654?
6
What is the ten millions digit of 19550452?
1
What is the hundreds digit of 723868?
8
What is the ten thousands digit of 29251825?
5
What is the hundred thousands digit of 1704766?
7
What is the thousands digit of 2942550?
2
What is the hundred thousands digit of 125343?
1
What is the ten thousands digit of 559088?
5
What is the millions digit of 2835652?
2
What is the units digit of 201676?
6
What is the hundreds digit of 909117?
1
What is the ten thousands digit of 39558?
3
What is the tens digit of 10301?
0
What is the hundreds digit of 27876?
8
What is the hundreds digit of 498038?
0
What is the units digit of 6543911?
1
What is the hundreds digit of 531531?
5
What is the hundred thousands digit of 12913508?
9
What is the hundreds digit of 1450353?
3
What is the hundreds digit of 1423470?
4
What is the thousands digit of 41197?
1
What is the millions digit of 3970073?
3
What is the units digit of 139007?
7
What is the ten thousands digit of 397586?
9
What is the millions digit of 19649174?
9
What is the ten thousands digit of 170054?
7
What is the hundred thousands digit of 199891?
1
What is the ten millions digit of 14986941?
1
What is the hundreds digit of 198828?
8
What is the thousands digit of 2382803?
2
What is the ten thousands digit of 88995?
8
What is the ten thousands digit of 4487251?
8
What is the hundreds digit of 130007?
0
What is the units digit of 928314?
4
What is the ten thousands digit of 4610016?
1
What is the thousands digit of 288577?
8
What is the units digit of 288002?
2
What is the hundred thousands digit of 3008537?
0
What is the units digit of 3964419?
9
What is the ten thousands digit of 2534244?
3
What is the hundreds digit of 856222?
2
What is the hundreds digit of 15076481?
4
What is the tens digit of 7345638?
3
What is the thousands digit of 753276?
3
What is the hundred thousands digit of 494636?
4
What is the hundreds digit of 14680054?
0
What is the ten thousands digit of 32795735?
9
What is the millions digit of 13357985?
3
What is the tens digit of 13207938?
3
What is the tens digit of 257263?
6
What is the tens digit of 318871?
7
What is the millions digit of 41508632?
1
What is the hundreds digit of 1728460?
4
What is the thousands digit of 3338279?
8
What is the millions digit of 2801937?
2
What is the tens digit of 2269916?
1
What is the units digit of 179160?
0
What is the ten thousands digit of 147538?
4
What is the hundreds digit of 6902753?
7
What is the hundred thousands digit of 667739?
6
What is the hundreds digit of 955193?
1
What is the tens digit of 3603391?
9
What is the hundred thousands digit of 215053?
2
What is the units digit of 2689983?
3
What is the tens digit of 4626285?
8
What is the tens digit of 156281?
8
What is the tens digit of 278343?
4
What is t